 of 941592?
4
What is the thousands digit of 7357?
7
What is the millions digit of 1621084?
1
What is the thousands digit of 981652?
1
What is the ten thousands digit of 2821655?
2
What is the units digit of 11340229?
9
What is the hundred thousands digit of 694190?
6
What is the millions digit of 2445185?
2
What is the tens digit of 2525466?
6
What is the units digit of 215545?
5
What is the tens digit of 988037?
3
What is the hundred thousands digit of 120745?
1
What is the thousands digit of 1002934?
2
What is the hundred thousands digit of 3570641?
5
What is the hundreds digit of 509968?
9
What is the thousands digit of 10368463?
8
What is the thousands digit of 11796321?
6
What is the millions digit of 15925729?
5
What is the hundred thousands digit of 2302290?
3
What is the units digit of 1896069?
9
What is the hundreds digit of 8755340?
3
What is the units digit of 356028?
8
What is the ten thousands digit of 66627?
6
What is the hundreds digit of 2338057?
0
What is the units digit of 337753?
3
What is the millions digit of 1558209?
1
What is the ten thousands digit of 6061157?
6
What is the thousands digit of 624974?
4
What is the tens digit of 2086397?
9
What is the ten thousands digit of 259176?
5
What is the units digit of 582898?
8
What is the tens digit of 9968172?
7
What is the units digit of 231932?
2
What is the hundreds digit of 451573?
5
What is the units digit of 1661143?
3
What is the thousands digit of 300224?
0
What is the thousands digit of 8988740?
8
What is the ten thousands digit of 225875?
2
What is the units digit of 2486985?
5
What is the thousands digit of 52965?
2
What is the hundred thousands digit of 2458425?
4
What is the units digit of 4750114?
4
What is the tens digit of 3837117?
1
What is the units digit of 36071554?
4
What is the millions digit of 1176998?
1
What is the thousands digit of 37915?
7
What is the thousands digit of 936231?
6
What is the ten thousands digit of 530238?
3
What is the thousands digit of 4927422?
7
What is the ten thousands digit of 1048514?
4
What is the thousands digit of 66461?
6
What is the hundreds digit of 10333023?
0
What is the units digit of 3111450?
0
What is the ten thousands digit of 613905?
1
What is the thousands digit of 7071647?
1
What is the hundreds digit of 15078423?
4
What is the ten thousands digit of 3929497?
2
What is the ten thousands digit of 402829?
0
What is the thousands digit of 218825?
8
What is the ten thousands digit of 219657?
1
What is the tens digit of 354388?
8
What is the units digit of 8728702?
2
What is the ten thousands digit of 1986472?
8
What is the hundreds digit of 705659?
6
What is the hundreds digit of 31675?
6
What is the tens digit of 339839?
3
What is the units digit of 96986?
6
What is the hundreds digit of 35628?
6
What is the hundreds digit of 10638138?
1
What is the ten thousands digit of 244533?
4
What is the units digit of 1537502?
2
What is the units digit of 108384?
4
What is the units digit of 6488844?
4
What is the hundreds digit of 5367248?
2
What is the thousands digit of 858735?
8
What is the thousands digit of 6277016?
7
What is the units digit of 178431?
1
What is the thousands digit of 18116586?
6
What is the hundred thousands digit of 2207814?
2
What is the tens digit of 178379?
7
What is the tens digit of 167328?
2
What is the ten thousands digit of 25707295?
0
What is the ten thousands digit of 408721?
0
What is the thousands digit of 213361?
3
What is the thousands digit of 622043?
2
What is the units digit of 1366160?
0
What is the hundreds digit of 245803?
8
What is the tens digit of 3183615?
1
What is the units digit of 3920778?
8
What is the millions digit of 2224141?
2
What is the thousands digit of 2242054?
2
What is the tens digit of 31302740?
4
What is the thousands digit of 11479091?
9
What is the tens digit of 312119?
1
What is the ten thousands digit of 720004?
2
What is the tens digit of 5984624?
2
What is the hundred thousands digit of 150344?
1
What is the units digit of 3344399?
9
What is the thousands digit of 510328?
0
What is the hundred thousands digit of 5630423?
6
What is the tens digit of 1399654?
5
What is the hundred thousands digit of 8505625?
5
What is the hundred thousands digit of 840197?
8
What is the hundred thousands digit of 297934?
2
What is the thousands digit of 3708595?
8
What is the hundred thousands digit of 246690?
2
What is the hundreds digit of 3498317?
3
What is the hundred thousands digit of 2955653?
9
What is the ten thousands digit of 27424773?
2
What is the hundreds digit of 3107519?
5
What is the ten thousands digit of 8871159?
7
What is the millions digit of 1048259?
1
What is the millions digit of 7324266?
7
What is the units digit of 34081559?
9
What is the ten thousands digit of 1027444?
2
What is the tens digit of 591937?
3
What is the thousands digit of 20381051?
1
What is the thousands digit of 213704?
3
What is the hundred thousands digit of 546888?
5
What is the thousands digit of 15921178?
1
What is the units digit of 1286608?
8
What is the ten thousands digit of 231892?
3
What is the tens digit of 6901495?
9
What is the thousands digit of 1641686?
1
What is the hundred thousands digit of 3168578?
1
What is the thousands digit of 60024?
0
What is the thousands digit of 2712735?
2
What is the tens digit of 1017323?
2
What is the ten thousands digit of 126600?
2
What is the units digit of 672127?
7
What is the hundred thousands digit of 2031570?
0
What is the thousands digit of 14276218?
6
What is the tens digit of 944532?
3
What is the tens digit of 14387?
8
What is the hundreds digit of 3152339?
3
What is the ten thousands digit of 6941430?
4
What is the tens digit of 1937684?
8
What is the thousands digit of 646376?
6
What is the tens digit of 4756865?
6
What is the tens digit of 858?
5
What is the tens digit of 12201509?
0
What is the thousands digit of 9774768?
4
What is the thousands digit of 1871985?
1
What is the ten thousands digit of 364298?
6
What is the units digit of 3624224?
4
What is the hundreds digit of 406388?
3
What is the hundred thousands digit of 219281?
2
What is the hundred thousands digit of 359080?
3
What is the thousands digit of 451424?
1
What is the hundred thousands digit of 312867?
3
What is the hundreds digit of 18452416?
4
What is the units digit of 9600167?
7
What is the hundred thousands digit of 132052?
1
What is the ten thousands digit of 240240?
4
What is the hundreds digit of 4232541?
5
What is the units digit of 404577?
7
What is the millions digit of 2569125?
2
What is the ten thousands digit of 234927?
3
What is the units digit of 4393143?
3
What is the hundreds digit of 9333?
3
What is the hundreds digit of 91621?
6
What is the hundred thousands digit of 4754865?
7
What is the hundreds digit of 1110290?
2
What is the millions digit of 8105748?
8
What is the hundreds digit of 6289082?
0
What is the units digit of 7531868?
8
What is the ten thousands digit of 3365430?
6
What is the hundreds digit of 224295?
2
What is the units digit of 1801976?
6
What is the hundreds digit of 568921?
9
What is the hundreds digit of 399369?
3
What is the hundred thousands digit of 4495980?
4
What is the hundreds digit of 351607?
6
What is the hundreds digit of 146597?
5
What is the thousands digit of 3446609?
6
What is the ten thousands digit of 1330660?
3
What is the units digit of 29471403?
3
What is the units digit of 21543012?
2
What is the millions digit of 7025921?
7
What is the hundred thousands digit of 2839370?
8
What is the ten thousands digit of 926028?
2
What is the ten thousands digit of 313755?
1
What is the tens digit of 2389546?
4
What is the units digit of 1741774?
4
What is the thousands digit of 146811?
6
What is the tens digit of 4217332?
3
What is the units digit of 4505550?
0
What is the thousands digit of 6319609?
9
What is the millions digit of 2478287?
2
What is the thousands digit of 27801828?
1
What is the ten thousands digit of 418023?
1
What is the ten thousands digit of 2033960?
3
What is the thousands digit of 8991614?
1
What is the tens digit of 121003?
0
What is the hundred thousands digit of 581916?
5
What is the hundreds digit of 669966?
9
What is the hundred thousands digit of 467666?
4
What is th